{"id":4445,"date":"2022-01-12T08:19:07","date_gmt":"2022-01-12T08:19:07","guid":{"rendered":"https:\/\/www.franziska-urbatschek.de\/home\/?page_id=4445"},"modified":"2023-10-30T13:07:20","modified_gmt":"2023-10-30T13:07:20","slug":"impressum","status":"publish","type":"page","link":"https:\/\/www.franziska-urbatschek.de\/home\/impressum\/","title":{"rendered":"Impressum"},"content":{"rendered":"\t\t<div data-elementor-type=\"wp-page\" data-elementor-id=\"4445\" class=\"elementor elementor-4445\" data-elementor-post-type=\"page\">\n\t\t\t\t\t\t<section class=\"elementor-section elementor-top-section elementor-element elementor-element-0a8187f elementor-section-boxed elementor-section-height-default elementor-section-height-default\" data-id=\"0a8187f\" data-element_type=\"section\">\n\t\t\t\t\t\t<div class=\"elementor-container elementor-column-gap-default\">\n\t\t\t\t\t<div class=\"elementor-column elementor-col-100 elementor-top-column elementor-element elementor-element-cd375da\" data-id=\"cd375da\" data-element_type=\"column\">\n\t\t\t<div class=\"elementor-widget-wrap elementor-element-populated\">\n\t\t\t\t\t\t<div class=\"elementor-element elementor-element-b99ae45 elementor-widget elementor-widget-text-editor\" data-id=\"b99ae45\" data-element_type=\"widget\" data-widget_type=\"text-editor.default\">\n\t\t\t\t<div class=\"elementor-widget-container\">\n\t\t\t\t\t\t\t\t\t<h6><b>Angaben gem\u00e4\u00df \u00a7 5 TMG:<\/b><\/h6><p>Franziska Urbatschek<br \/>Sch\u00f6nweg 12<br \/>22453 Hamburg<\/p><p>Steuernummer: 45\/254\/02857<\/p><h6><b>Kontakt<\/b><\/h6><p>Telefon: +49(0)176 84053198<br \/>E-Mail: hallo@franziska-urbatschek.de<\/p><h6><b>EU-Streitschlichtung<\/b><\/h6><p>Die Europ\u00e4ische Kommission stellt eine Plattform zur Online-Streitbeilegung(OS) breit:<br \/>htttps:\/\/ec-europa.eu\/consumers\/odr.<br \/>Unsere E-Mail-Adresse finden Sie oben im Impressum.<\/p><h6><b>Verbraucherstreitbeilegung\/Universalschlichtungsstelle<\/b><\/h6><p>Wir sind nicht breit oder verpflichtet, an Streitbeilegungsverfahren vor einer Verbraucherschlichtungsstelle teilzunehmen.<\/p><p><b>Haftung f\u00fcr Inhalte\u00a0<\/b><br \/>Als Diensteanbieter sind wir gem\u00e4\u00df \u00a7 7 Abs.1 TMG f\u00fcr eigene Inhalte auf diesen Seiten nach den allgemeinen Gesetzen verantwortlich. Nach \u00a7\u00a7 8 bis 10 TMG sind wir als Diensteanbieter jedoch nicht verpflichtet, \u00fcbermittelte oder gespeicherte fremde Informationen zu \u00fcberwachen oder nach Umst\u00e4nden forschen, die auf eine rechtswidrige T\u00e4tigkeit hinweisen.<\/p><p>Verpflichtung zur Entfernung oder Sperrung der Nutzung von Informationen nach den allgemeinen Gesetzen bleiben hiervon unber\u00fchrt. Eine diesbez\u00fcgliche Haftung ist jedoch erst ab dem Zeitpunkt der Kenntnis einer konkreten Rechtsverletzung werden wir diese Inhalte umgehend entfernen.<\/p><p><b>Haftung f\u00fcr Links<\/b><br \/>Unser Angebot enth\u00e4lt Links zu externen Websites Dritter, auf deren Inhalte wir keinen Einfluss haben. Deshalb k\u00f6nnen wir f\u00fcr diese fremden Inhalte auch keine Gew\u00e4hr \u00fcbernehmen. F\u00fcr die Inhalte der verlinkten Seiten ist stets der jeweilige Anbieter oder Betreiber der Seiten verantwortlich. Die verlinkten Seiten wurden zum Zeitpunkt der Verlinkung auf m\u00f6gliche Rechtsverst\u00f6\u00dfe \u00fcberpr\u00fcft. Rechtswidrige Inhalte waren zum Zeitpunkt der Verlinkung nicht erkennbar.\u00a0<\/p><p>Eine permanente inhaltliche Kontrolle der verlinkten Seiten ist jedoch ohne konkrete Anhaltspunkte einer Rechtsverletzungen werden wir derartige Links umgehend entfernen.<\/p><p><b>Urheberrecht<\/b><br \/>Die durch die Seitenbetreiber erstellten Inhalte und Werde auf diesen Seiten unterliegen dem deutschen Urheberrecht., Die Vervielf\u00e4ltigung, Bearbeitung, Verbreitung und jede Art der Verwertung au\u00dferhalb der Grenzen des Urheberrechtes bed\u00fcrfen der schriftlichen Zustimmung des jeweiligen Autors bzw. Erstellers. Downloads und Kopien dieser Seite sind nur f\u00fcr den privaten, nicht kommerziellen Gebrauch gestattet.<\/p><p>Soweit die Inhalte auf dieser Seite nicht vom Betreiber erstellt wurden, werden die Urheberrechte Dritter beachtet. Insbesondere werden Inhalte Dritter als solche gekennzeichnet. Sollten Sie trotzdem auf eine Urheberrechtsverletzung aufmerksam werden, bitten wir uns einen entsprechenden Hinweis. Bei Bekanntwerden von Rechtsverletzungen werden wir derartige Inhalte umgehend entfernen.<\/p>\t\t\t\t\t\t\t\t<\/div>\n\t\t\t\t<\/div>\n\t\t\t\t\t<\/div>\n\t\t<\/div>\n\t\t\t\t\t<\/div>\n\t\t<\/section>\n\t\t\t\t<\/div>\n\t\t","protected":false},"excerpt":{"rendered":"<p>Angaben gem\u00e4\u00df \u00a7 5 TMG: Franziska UrbatschekSch\u00f6nweg 1222453 Hamburg Steuernummer: 45\/254\/02857 Kontakt Telefon: +49(0)176 84053198E-Mail: hallo@franziska-urbatschek.de EU-Streitschlichtung Die Europ\u00e4ische Kommission stellt eine Plattform zur Online-Streitbeilegung(OS) breit:htttps:\/\/ec-europa.eu\/consumers\/odr.Unsere E-Mail-Adresse finden Sie oben im Impressum. Verbraucherstreitbeilegung\/Universalschlichtungsstelle Wir sind nicht breit oder verpflichtet, an Streitbeilegungsverfahren vor einer Verbraucherschlichtungsstelle teilzunehmen. Haftung f\u00fcr Inhalte\u00a0Als Diensteanbieter sind wir gem\u00e4\u00df \u00a7 7 Abs.1&hellip;&nbsp;<a href=\"https:\/\/www.franziska-urbatschek.de\/home\/impressum\/\" class=\"\" rel=\"bookmark\">Weiterlesen &raquo;<span class=\"screen-reader-text\">Impressum<\/span><\/a><\/p>\n","protected":false},"author":1,"featured_media":0,"parent":0,"menu_order":0,"comment_status":"closed","ping_status":"closed","template":"","meta":{"neve_meta_sidebar":"full-width","neve_meta_container":"","neve_meta_enable_content_width":"on","neve_meta_content_width":100,"neve_meta_title_alignment":"","neve_meta_author_avatar":"","neve_post_elements_order":"","neve_meta_disable_header":"","neve_meta_disable_footer":"","neve_meta_disable_title":"","footnotes":""},"yoast_head":"<!-- This site is optimized with the Yoast SEO plugin v23.5 - https:\/\/yoast.com\/wordpress\/plugins\/seo\/ -->\n<title>Impressum - Single-Coach Hamburg - Franziska Urbatschek<\/title>\n<meta name=\"robots\" content=\"index, follow, max-snippet:-1, max-image-preview:large, max-video-preview:-1\" \/>\n<link rel=\"canonical\" href=\"https:\/\/www.franziska-urbatschek.de\/home\/impressum\/\" \/>\n<meta property=\"og:locale\" content=\"de_DE\" \/>\n<meta property=\"og:type\" content=\"article\" \/>\n<meta property=\"og:title\" content=\"Impressum - Single-Coach Hamburg - Franziska Urbatschek\" \/>\n<meta property=\"og:description\" content=\"Angaben gem\u00e4\u00df \u00a7 5 TMG: Franziska UrbatschekSch\u00f6nweg 1222453 Hamburg Steuernummer: 45\/254\/02857 Kontakt Telefon: +49(0)176 84053198E-Mail: hallo@franziska-urbatschek.de EU-Streitschlichtung Die Europ\u00e4ische Kommission stellt eine Plattform zur Online-Streitbeilegung(OS) breit:htttps:\/\/ec-europa.eu\/consumers\/odr.Unsere E-Mail-Adresse finden Sie oben im Impressum. Verbraucherstreitbeilegung\/Universalschlichtungsstelle Wir sind nicht breit oder verpflichtet, an Streitbeilegungsverfahren vor einer Verbraucherschlichtungsstelle teilzunehmen. Haftung f\u00fcr Inhalte\u00a0Als Diensteanbieter sind wir gem\u00e4\u00df \u00a7 7 Abs.1&hellip;&nbsp;Weiterlesen &raquo;Impressum\" \/>\n<meta property=\"og:url\" content=\"https:\/\/www.franziska-urbatschek.de\/home\/impressum\/\" \/>\n<meta property=\"og:site_name\" content=\"Single-Coach Hamburg - Franziska Urbatschek\" \/>\n<meta property=\"article:modified_time\" content=\"2023-10-30T13:07:20+00:00\" \/>\n<meta name=\"twitter:card\" content=\"summary_large_image\" \/>\n<meta name=\"twitter:label1\" content=\"Gesch\u00e4tzte Lesezeit\" \/>\n\t<meta name=\"twitter:data1\" content=\"2\u00a0Minuten\" \/>\n<script type=\"application\/ld+json\" class=\"yoast-schema-graph\">{\"@context\":\"https:\/\/schema.org\",\"@graph\":[{\"@type\":\"WebPage\",\"@id\":\"https:\/\/www.franziska-urbatschek.de\/home\/impressum\/\",\"url\":\"https:\/\/www.franziska-urbatschek.de\/home\/impressum\/\",\"name\":\"Impressum - Single-Coach Hamburg - Franziska Urbatschek\",\"isPartOf\":{\"@id\":\"https:\/\/www.franziska-urbatschek.de\/home\/#website\"},\"datePublished\":\"2022-01-12T08:19:07+00:00\",\"dateModified\":\"2023-10-30T13:07:20+00:00\",\"breadcrumb\":{\"@id\":\"https:\/\/www.franziska-urbatschek.de\/home\/impressum\/#breadcrumb\"},\"inLanguage\":\"de\",\"potentialAction\":[{\"@type\":\"ReadAction\",\"target\":[\"https:\/\/www.franziska-urbatschek.de\/home\/impressum\/\"]}]},{\"@type\":\"BreadcrumbList\",\"@id\":\"https:\/\/www.franziska-urbatschek.de\/home\/impressum\/#breadcrumb\",\"itemListElement\":[{\"@type\":\"ListItem\",\"position\":1,\"name\":\"Startseite\",\"item\":\"https:\/\/www.franziska-urbatschek.de\/home\/\"},{\"@type\":\"ListItem\",\"position\":2,\"name\":\"Impressum\"}]},{\"@type\":\"WebSite\",\"@id\":\"https:\/\/www.franziska-urbatschek.de\/home\/#website\",\"url\":\"https:\/\/www.franziska-urbatschek.de\/home\/\",\"name\":\"Single-Coach Hamburg - Franziska Urbatschek\",\"description\":\"Singlecoach und Beziehungstrainer\",\"publisher\":{\"@id\":\"https:\/\/www.franziska-urbatschek.de\/home\/#\/schema\/person\/20ee9384ee5074fb4404cd750d05c4cb\"},\"potentialAction\":[{\"@type\":\"SearchAction\",\"target\":{\"@type\":\"EntryPoint\",\"urlTemplate\":\"https:\/\/www.franziska-urbatschek.de\/home\/?s={search_term_string}\"},\"query-input\":{\"@type\":\"PropertyValueSpecification\",\"valueRequired\":true,\"valueName\":\"search_term_string\"}}],\"inLanguage\":\"de\"},{\"@type\":[\"Person\",\"Organization\"],\"@id\":\"https:\/\/www.franziska-urbatschek.de\/home\/#\/schema\/person\/20ee9384ee5074fb4404cd750d05c4cb\",\"name\":\"Franziska Urbatschek\",\"image\":{\"@type\":\"ImageObject\",\"inLanguage\":\"de\",\"@id\":\"https:\/\/www.franziska-urbatschek.de\/home\/#\/schema\/person\/image\/\",\"url\":\"https:\/\/www.franziska-urbatschek.de\/wp-content\/uploads\/2021\/03\/Logo-500-\u00d7-100-px-4.png\",\"contentUrl\":\"https:\/\/www.franziska-urbatschek.de\/wp-content\/uploads\/2021\/03\/Logo-500-\u00d7-100-px-4.png\",\"width\":500,\"height\":100,\"caption\":\"Franziska Urbatschek\"},\"logo\":{\"@id\":\"https:\/\/www.franziska-urbatschek.de\/home\/#\/schema\/person\/image\/\"},\"sameAs\":[\"http:\/\/franziskaurbatschek.de\"]}]}<\/script>\n<!-- \/ Yoast SEO plugin. -->","yoast_head_json":{"title":"Impressum - Single-Coach Hamburg - Franziska Urbatschek","robots":{"index":"index","follow":"follow","max-snippet":"max-snippet:-1","max-image-preview":"max-image-preview:large","max-video-preview":"max-video-preview:-1"},"canonical":"https:\/\/www.franziska-urbatschek.de\/home\/impressum\/","og_locale":"de_DE","og_type":"article","og_title":"Impressum - Single-Coach Hamburg - Franziska Urbatschek","og_description":"Angaben gem\u00e4\u00df \u00a7 5 TMG: Franziska UrbatschekSch\u00f6nweg 1222453 Hamburg Steuernummer: 45\/254\/02857 Kontakt Telefon: +49(0)176 84053198E-Mail: hallo@franziska-urbatschek.de EU-Streitschlichtung Die Europ\u00e4ische Kommission stellt eine Plattform zur Online-Streitbeilegung(OS) breit:htttps:\/\/ec-europa.eu\/consumers\/odr.Unsere E-Mail-Adresse finden Sie oben im Impressum. Verbraucherstreitbeilegung\/Universalschlichtungsstelle Wir sind nicht breit oder verpflichtet, an Streitbeilegungsverfahren vor einer Verbraucherschlichtungsstelle teilzunehmen. Haftung f\u00fcr Inhalte\u00a0Als Diensteanbieter sind wir gem\u00e4\u00df \u00a7 7 Abs.1&hellip;&nbsp;Weiterlesen &raquo;Impressum","og_url":"https:\/\/www.franziska-urbatschek.de\/home\/impressum\/","og_site_name":"Single-Coach Hamburg - Franziska Urbatschek","article_modified_time":"2023-10-30T13:07:20+00:00","twitter_card":"summary_large_image","twitter_misc":{"Gesch\u00e4tzte Lesezeit":"2\u00a0Minuten"},"schema":{"@context":"https:\/\/schema.org","@graph":[{"@type":"WebPage","@id":"https:\/\/www.franziska-urbatschek.de\/home\/impressum\/","url":"https:\/\/www.franziska-urbatschek.de\/home\/impressum\/","name":"Impressum - Single-Coach Hamburg - Franziska Urbatschek","isPartOf":{"@id":"https:\/\/www.franziska-urbatschek.de\/home\/#website"},"datePublished":"2022-01-12T08:19:07+00:00","dateModified":"2023-10-30T13:07:20+00:00","breadcrumb":{"@id":"https:\/\/www.franziska-urbatschek.de\/home\/impressum\/#breadcrumb"},"inLanguage":"de","potentialAction":[{"@type":"ReadAction","target":["https:\/\/www.franziska-urbatschek.de\/home\/impressum\/"]}]},{"@type":"BreadcrumbList","@id":"https:\/\/www.franziska-urbatschek.de\/home\/impressum\/#breadcrumb","itemListElement":[{"@type":"ListItem","position":1,"name":"Startseite","item":"https:\/\/www.franziska-urbatschek.de\/home\/"},{"@type":"ListItem","position":2,"name":"Impressum"}]},{"@type":"WebSite","@id":"https:\/\/www.franziska-urbatschek.de\/home\/#website","url":"https:\/\/www.franziska-urbatschek.de\/home\/","name":"Single-Coach Hamburg - Franziska Urbatschek","description":"Singlecoach und Beziehungstrainer","publisher":{"@id":"https:\/\/www.franziska-urbatschek.de\/home\/#\/schema\/person\/20ee9384ee5074fb4404cd750d05c4cb"},"potentialAction":[{"@type":"SearchAction","target":{"@type":"EntryPoint","urlTemplate":"https:\/\/www.franziska-urbatschek.de\/home\/?s={search_term_string}"},"query-input":{"@type":"PropertyValueSpecification","valueRequired":true,"valueName":"search_term_string"}}],"inLanguage":"de"},{"@type":["Person","Organization"],"@id":"https:\/\/www.franziska-urbatschek.de\/home\/#\/schema\/person\/20ee9384ee5074fb4404cd750d05c4cb","name":"Franziska Urbatschek","image":{"@type":"ImageObject","inLanguage":"de","@id":"https:\/\/www.franziska-urbatschek.de\/home\/#\/schema\/person\/image\/","url":"https:\/\/www.franziska-urbatschek.de\/wp-content\/uploads\/2021\/03\/Logo-500-\u00d7-100-px-4.png","contentUrl":"https:\/\/www.franziska-urbatschek.de\/wp-content\/uploads\/2021\/03\/Logo-500-\u00d7-100-px-4.png","width":500,"height":100,"caption":"Franziska Urbatschek"},"logo":{"@id":"https:\/\/www.franziska-urbatschek.de\/home\/#\/schema\/person\/image\/"},"sameAs":["http:\/\/franziskaurbatschek.de"]}]}},"_links":{"self":[{"href":"https:\/\/www.franziska-urbatschek.de\/home\/wp-json\/wp\/v2\/pages\/4445"}],"collection":[{"href":"https:\/\/www.franziska-urbatschek.de\/home\/wp-json\/wp\/v2\/pages"}],"about":[{"href":"https:\/\/www.franziska-urbatschek.de\/home\/wp-json\/wp\/v2\/types\/page"}],"author":[{"embeddable":true,"href":"https:\/\/www.franziska-urbatschek.de\/home\/wp-json\/wp\/v2\/users\/1"}],"replies":[{"embeddable":true,"href":"https:\/\/www.franziska-urbatschek.de\/home\/wp-json\/wp\/v2\/comments?post=4445"}],"version-history":[{"count":13,"href":"https:\/\/www.franziska-urbatschek.de\/home\/wp-json\/wp\/v2\/pages\/4445\/revisions"}],"predecessor-version":[{"id":9536,"href":"https:\/\/www.franziska-urbatschek.de\/home\/wp-json\/wp\/v2\/pages\/4445\/revisions\/9536"}],"wp:attachment":[{"href":"https:\/\/www.franziska-urbatschek.de\/home\/wp-json\/wp\/v2\/media?parent=4445"}],"curies":[{"name":"wp","href":"https:\/\/api.w.org\/{rel}","templated":true}]}}