{"id":4210,"date":"2022-01-10T13:46:39","date_gmt":"2022-01-10T13:46:39","guid":{"rendered":"https:\/\/www.franziska-urbatschek.de\/home\/widerrufsbelehrung\/"},"modified":"2022-12-08T07:54:55","modified_gmt":"2022-12-08T07:54:55","slug":"widerrufsbelehrung","status":"publish","type":"page","link":"https:\/\/www.franziska-urbatschek.de\/home\/widerrufsbelehrung\/","title":{"rendered":"Widerrufsbelehrung"},"content":{"rendered":"\t\t<div data-elementor-type=\"wp-page\" data-elementor-id=\"4210\" class=\"elementor elementor-4210\" data-elementor-post-type=\"page\">\n\t\t\t\t<div class=\"elementor-element elementor-element-38f76ca e-flex e-con-boxed e-con e-parent\" data-id=\"38f76ca\" data-element_type=\"container\">\n\t\t\t\t\t<div class=\"e-con-inner\">\n\t\t\t\t<div class=\"elementor-element elementor-element-0373740 elementor-widget elementor-widget-heading\" data-id=\"0373740\" data-element_type=\"widget\" data-widget_type=\"heading.default\">\n\t\t\t\t<div class=\"elementor-widget-container\">\n\t\t\t\t\t<h2 class=\"elementor-heading-title elementor-size-default\">Widerrufsbelehrung<\/h2>\t\t\t\t<\/div>\n\t\t\t\t<\/div>\n\t\t\t\t<div class=\"elementor-element elementor-element-d77ca6f elementor-widget elementor-widget-text-editor\" data-id=\"d77ca6f\" data-element_type=\"widget\" data-widget_type=\"text-editor.default\">\n\t\t\t\t<div class=\"elementor-widget-container\">\n\t\t\t\t\t\t\t\t\t<p><b>Widerrufsrecht<\/b><\/p><p><span style=\"font-weight: 400;\">Sie haben als Verbraucher das Recht, binnen vierzehn Tagen ohne Angabe von Gr\u00fcnden diesen Vertrag zu widerrufen.<\/span><\/p><p><span style=\"font-weight: 400;\">Die Widerrufsfrist betr\u00e4gt vierzehn Tage ab dem Tag des Vertragsabschlusses.<\/span><\/p><p><span style=\"font-weight: 400;\">Um Ihr Widerrufsrecht auszu\u00fcben, m\u00fcssen Sie uns (Franziska Urbatschek, Stellinger Chaussee 21a, 22529 Hamburg, hallo@franziska-urbatschek.de) mittels einer eindeutigen Erkl\u00e4rung (z.B. ein mit der Post versandter Brief) \u00fcber Ihren Entschluss, diesen Vertrag zu widerrufen, informieren. Sie k\u00f6nnen daf\u00fcr das beigef\u00fcgte Muster-Widerrufsformular verwenden, das jedoch nicht vorgeschrieben ist.<\/span><\/p><p><span style=\"font-weight: 400;\">Zur Wahrung der Widerrufsfrist reicht es aus, dass Sie die Mitteilung \u00fcber die Aus\u00fcbung des Widerrufsrechts vor Ablauf der Widerrufsfrist absenden.<\/span><\/p><p><span style=\"font-weight: 400;\">\u00a0<\/span><\/p><p><b>Folgen des Widerrufs<\/b><\/p><p><span style=\"font-weight: 400;\">Wenn Sie diesen Vertrag widerrufen, haben wir Ihnen alle Zahlungen, die wir von Ihnen erhalten haben, einschlie\u00dflich der Lieferkosten (mit Ausnahme der zus\u00e4tzlichen Kosten, die sich daraus ergeben, dass Sie eine andere Art der Lieferung als die von uns angebotene, g\u00fcnstigste Standardlieferung gew\u00e4hlt haben), unverz\u00fcglich und sp\u00e4testens binnen vierzehn Tagen ab dem Tag zur\u00fcckzuzahlen, an dem die Mitteilung \u00fcber Ihren Widerruf dieses Vertrags bei uns eingegangen ist. F\u00fcr diese R\u00fcckzahlung verwenden wir dasselbe Zahlungsmittel, das Sie bei der urspr\u00fcnglichen Transaktion eingesetzt haben, es sei denn mit Ihnen wurde ausdr\u00fccklich etwas anderes vereinbart; in keinem Fall werden Ihnen wegen dieser R\u00fcckzahlung Entgelte berechnet.<\/span><\/p><p><span style=\"font-weight: 400;\">\u00a0<\/span><\/p><p><b>Ausschluss bzw. vorzeitiges Erl\u00f6schen des Widerrufsrechts<\/b><\/p><p><span style=\"font-weight: 400;\">Das Widerrufsrecht gilt nicht f\u00fcr Verbraucher, die zum Zeitpunkt des Vertragsschlusses keinem Mitgliedstaat der Europ\u00e4ischen Union angeh\u00f6ren und deren alleiniger Wohnsitz und Lieferadresse zum Zeitpunkt des Vertragsschlusses au\u00dferhalb der Europ\u00e4ischen Union liegen.<\/span><\/p><p><span style=\"font-weight: 400;\">Soweit nichts anderes vereinbart ist, besteht ein Widerrufsrecht nicht bei Vertr\u00e4gen zur Erbringung von Dienstleistungen im Zusammenhang mit Freizeitbet\u00e4tigungen, wenn der Vertrag f\u00fcr die Erbringung einen spezifischen Termin oder Zeitraum vorsieht. Danach ist ein Widerrufsrecht auch bei Vertr\u00e4gen ausgeschlossen, die den Verkauf von Tickets f\u00fcr termingebundene Freizeitveranstaltungen zum Gegenstand haben.<\/span><\/p><p><span style=\"font-weight: 400;\">\u00a0<\/span><\/p><p><b>Widerrufsformular<\/b><\/p><p><span style=\"font-weight: 400;\">Wenn Sie den Vertrag widerrufen wollen, dann f\u00fcllen Sie bitte dieses Formular aus und senden es zur\u00fcck.<\/span><\/p><p><span style=\"font-weight: 400;\">An<\/span><\/p><p><span style=\"font-weight: 400;\">Franziska Urbatschek<\/span><\/p><p><span style=\"font-weight: 400;\">Stellinger Chaussee 21a<\/span><\/p><p><span style=\"font-weight: 400;\">22529 Hamburg<\/span><\/p><p><span style=\"font-weight: 400;\">E-Mail: hallo@franziska-urbatschek.de<\/span><\/p><p><span style=\"font-weight: 400;\">\u00a0<\/span><\/p><p><span style=\"font-weight: 400;\">Hiermit widerrufe(n) ich\/wir (*) den von mir\/uns (*) abgeschlossenen Vertrag \u00fcber den Kauf der folgenden Waren (*)\/die Erbringung der folgenden Dienstleistung (*)<\/span><\/p><p><span style=\"font-weight: 400;\">_______________________________________________________<\/span><\/p><p><span style=\"font-weight: 400;\">_______________________________________________________<\/span><\/p><p><span style=\"font-weight: 400;\">Bestellt am (*) ____________ \/ erhalten am (*) __________________<\/span><\/p><p><span style=\"font-weight: 400;\">________________________________________________________<\/span><\/p><p><span style=\"font-weight: 400;\">Name des\/der Verbraucher(s)<\/span><\/p><p><span style=\"font-weight: 400;\">________________________________________________________<\/span><\/p><p><span style=\"font-weight: 400;\">Anschrift des\/der Verbraucher(s)<\/span><\/p><p><span style=\"font-weight: 400;\">________________________________________________________<\/span><\/p><p><span style=\"font-weight: 400;\">Unterschrift des\/der Verbraucher(s) (nur bei Mitteilung auf Papier)<\/span><\/p><p><span style=\"font-weight: 400;\">_________________________<\/span><\/p><p><span style=\"font-weight: 400;\">Datum<\/span><\/p><p><span style=\"font-weight: 400;\">(*) Unzutreffendes streichen<\/span><\/p><p><span style=\"font-weight: 400;\">\u00a0<\/span><\/p>\t\t\t\t\t\t\t\t<\/div>\n\t\t\t\t<\/div>\n\t\t\t\t\t<\/div>\n\t\t\t\t<\/div>\n\t\t\t\t<\/div>\n\t\t","protected":false},"excerpt":{"rendered":"<p>Widerrufsbelehrung Widerrufsrecht Sie haben als Verbraucher das Recht, binnen vierzehn Tagen ohne Angabe von Gr\u00fcnden diesen Vertrag zu widerrufen. Die Widerrufsfrist betr\u00e4gt vierzehn Tage ab dem Tag des Vertragsabschlusses. Um Ihr Widerrufsrecht auszu\u00fcben, m\u00fcssen Sie uns (Franziska Urbatschek, Stellinger Chaussee 21a, 22529 Hamburg, hallo@franziska-urbatschek.de) mittels einer eindeutigen Erkl\u00e4rung (z.B. ein mit der Post versandter Brief)&hellip;&nbsp;<a href=\"https:\/\/www.franziska-urbatschek.de\/home\/widerrufsbelehrung\/\" class=\"\" rel=\"bookmark\">Weiterlesen &raquo;<span class=\"screen-reader-text\">Widerrufsbelehrung<\/span><\/a><\/p>\n","protected":false},"author":1,"featured_media":0,"parent":0,"menu_order":0,"comment_status":"closed","ping_status":"closed","template":"page-templates\/template-pagebuilder-full-width.php","meta":{"neve_meta_sidebar":"","neve_meta_container":"","neve_meta_enable_content_width":"","neve_meta_content_width":0,"neve_meta_title_alignment":"","neve_meta_author_avatar":"","neve_post_elements_order":"","neve_meta_disable_header":"","neve_meta_disable_footer":"","neve_meta_disable_title":"","footnotes":""},"yoast_head":"<!-- This site is optimized with the Yoast SEO plugin v23.5 - https:\/\/yoast.com\/wordpress\/plugins\/seo\/ -->\n<title>Widerrufsbelehrung - Single-Coach Hamburg - Franziska Urbatschek<\/title>\n<meta name=\"robots\" content=\"index, follow, max-snippet:-1, max-image-preview:large, max-video-preview:-1\" \/>\n<link rel=\"canonical\" href=\"https:\/\/www.franziska-urbatschek.de\/home\/widerrufsbelehrung\/\" \/>\n<meta property=\"og:locale\" content=\"de_DE\" \/>\n<meta property=\"og:type\" content=\"article\" \/>\n<meta property=\"og:title\" content=\"Widerrufsbelehrung - Single-Coach Hamburg - Franziska Urbatschek\" \/>\n<meta property=\"og:description\" content=\"Widerrufsbelehrung Widerrufsrecht Sie haben als Verbraucher das Recht, binnen vierzehn Tagen ohne Angabe von Gr\u00fcnden diesen Vertrag zu widerrufen. Die Widerrufsfrist betr\u00e4gt vierzehn Tage ab dem Tag des Vertragsabschlusses. Um Ihr Widerrufsrecht auszu\u00fcben, m\u00fcssen Sie uns (Franziska Urbatschek, Stellinger Chaussee 21a, 22529 Hamburg, hallo@franziska-urbatschek.de) mittels einer eindeutigen Erkl\u00e4rung (z.B. ein mit der Post versandter Brief)&hellip;&nbsp;Weiterlesen &raquo;Widerrufsbelehrung\" \/>\n<meta property=\"og:url\" content=\"https:\/\/www.franziska-urbatschek.de\/home\/widerrufsbelehrung\/\" \/>\n<meta property=\"og:site_name\" content=\"Single-Coach Hamburg - Franziska Urbatschek\" \/>\n<meta property=\"article:modified_time\" content=\"2022-12-08T07:54:55+00:00\" \/>\n<meta name=\"twitter:card\" content=\"summary_large_image\" \/>\n<meta name=\"twitter:label1\" content=\"Gesch\u00e4tzte Lesezeit\" \/>\n\t<meta name=\"twitter:data1\" content=\"3\u00a0Minuten\" \/>\n<script type=\"application\/ld+json\" class=\"yoast-schema-graph\">{\"@context\":\"https:\/\/schema.org\",\"@graph\":[{\"@type\":\"WebPage\",\"@id\":\"https:\/\/www.franziska-urbatschek.de\/home\/widerrufsbelehrung\/\",\"url\":\"https:\/\/www.franziska-urbatschek.de\/home\/widerrufsbelehrung\/\",\"name\":\"Widerrufsbelehrung - Single-Coach Hamburg - Franziska Urbatschek\",\"isPartOf\":{\"@id\":\"https:\/\/www.franziska-urbatschek.de\/home\/#website\"},\"datePublished\":\"2022-01-10T13:46:39+00:00\",\"dateModified\":\"2022-12-08T07:54:55+00:00\",\"breadcrumb\":{\"@id\":\"https:\/\/www.franziska-urbatschek.de\/home\/widerrufsbelehrung\/#breadcrumb\"},\"inLanguage\":\"de\",\"potentialAction\":[{\"@type\":\"ReadAction\",\"target\":[\"https:\/\/www.franziska-urbatschek.de\/home\/widerrufsbelehrung\/\"]}]},{\"@type\":\"BreadcrumbList\",\"@id\":\"https:\/\/www.franziska-urbatschek.de\/home\/widerrufsbelehrung\/#breadcrumb\",\"itemListElement\":[{\"@type\":\"ListItem\",\"position\":1,\"name\":\"Startseite\",\"item\":\"https:\/\/www.franziska-urbatschek.de\/home\/\"},{\"@type\":\"ListItem\",\"position\":2,\"name\":\"Widerrufsbelehrung\"}]},{\"@type\":\"WebSite\",\"@id\":\"https:\/\/www.franziska-urbatschek.de\/home\/#website\",\"url\":\"https:\/\/www.franziska-urbatschek.de\/home\/\",\"name\":\"Single-Coach Hamburg - Franziska Urbatschek\",\"description\":\"Singlecoach und Beziehungstrainer\",\"publisher\":{\"@id\":\"https:\/\/www.franziska-urbatschek.de\/home\/#\/schema\/person\/20ee9384ee5074fb4404cd750d05c4cb\"},\"potentialAction\":[{\"@type\":\"SearchAction\",\"target\":{\"@type\":\"EntryPoint\",\"urlTemplate\":\"https:\/\/www.franziska-urbatschek.de\/home\/?s={search_term_string}\"},\"query-input\":{\"@type\":\"PropertyValueSpecification\",\"valueRequired\":true,\"valueName\":\"search_term_string\"}}],\"inLanguage\":\"de\"},{\"@type\":[\"Person\",\"Organization\"],\"@id\":\"https:\/\/www.franziska-urbatschek.de\/home\/#\/schema\/person\/20ee9384ee5074fb4404cd750d05c4cb\",\"name\":\"Franziska Urbatschek\",\"image\":{\"@type\":\"ImageObject\",\"inLanguage\":\"de\",\"@id\":\"https:\/\/www.franziska-urbatschek.de\/home\/#\/schema\/person\/image\/\",\"url\":\"https:\/\/www.franziska-urbatschek.de\/wp-content\/uploads\/2021\/03\/Logo-500-\u00d7-100-px-4.png\",\"contentUrl\":\"https:\/\/www.franziska-urbatschek.de\/wp-content\/uploads\/2021\/03\/Logo-500-\u00d7-100-px-4.png\",\"width\":500,\"height\":100,\"caption\":\"Franziska Urbatschek\"},\"logo\":{\"@id\":\"https:\/\/www.franziska-urbatschek.de\/home\/#\/schema\/person\/image\/\"},\"sameAs\":[\"http:\/\/franziskaurbatschek.de\"]}]}<\/script>\n<!-- \/ Yoast SEO plugin. -->","yoast_head_json":{"title":"Widerrufsbelehrung - Single-Coach Hamburg - Franziska Urbatschek","robots":{"index":"index","follow":"follow","max-snippet":"max-snippet:-1","max-image-preview":"max-image-preview:large","max-video-preview":"max-video-preview:-1"},"canonical":"https:\/\/www.franziska-urbatschek.de\/home\/widerrufsbelehrung\/","og_locale":"de_DE","og_type":"article","og_title":"Widerrufsbelehrung - Single-Coach Hamburg - Franziska Urbatschek","og_description":"Widerrufsbelehrung Widerrufsrecht Sie haben als Verbraucher das Recht, binnen vierzehn Tagen ohne Angabe von Gr\u00fcnden diesen Vertrag zu widerrufen. Die Widerrufsfrist betr\u00e4gt vierzehn Tage ab dem Tag des Vertragsabschlusses. Um Ihr Widerrufsrecht auszu\u00fcben, m\u00fcssen Sie uns (Franziska Urbatschek, Stellinger Chaussee 21a, 22529 Hamburg, hallo@franziska-urbatschek.de) mittels einer eindeutigen Erkl\u00e4rung (z.B. ein mit der Post versandter Brief)&hellip;&nbsp;Weiterlesen &raquo;Widerrufsbelehrung","og_url":"https:\/\/www.franziska-urbatschek.de\/home\/widerrufsbelehrung\/","og_site_name":"Single-Coach Hamburg - Franziska Urbatschek","article_modified_time":"2022-12-08T07:54:55+00:00","twitter_card":"summary_large_image","twitter_misc":{"Gesch\u00e4tzte Lesezeit":"3\u00a0Minuten"},"schema":{"@context":"https:\/\/schema.org","@graph":[{"@type":"WebPage","@id":"https:\/\/www.franziska-urbatschek.de\/home\/widerrufsbelehrung\/","url":"https:\/\/www.franziska-urbatschek.de\/home\/widerrufsbelehrung\/","name":"Widerrufsbelehrung - Single-Coach Hamburg - Franziska Urbatschek","isPartOf":{"@id":"https:\/\/www.franziska-urbatschek.de\/home\/#website"},"datePublished":"2022-01-10T13:46:39+00:00","dateModified":"2022-12-08T07:54:55+00:00","breadcrumb":{"@id":"https:\/\/www.franziska-urbatschek.de\/home\/widerrufsbelehrung\/#breadcrumb"},"inLanguage":"de","potentialAction":[{"@type":"ReadAction","target":["https:\/\/www.franziska-urbatschek.de\/home\/widerrufsbelehrung\/"]}]},{"@type":"BreadcrumbList","@id":"https:\/\/www.franziska-urbatschek.de\/home\/widerrufsbelehrung\/#breadcrumb","itemListElement":[{"@type":"ListItem","position":1,"name":"Startseite","item":"https:\/\/www.franziska-urbatschek.de\/home\/"},{"@type":"ListItem","position":2,"name":"Widerrufsbelehrung"}]},{"@type":"WebSite","@id":"https:\/\/www.franziska-urbatschek.de\/home\/#website","url":"https:\/\/www.franziska-urbatschek.de\/home\/","name":"Single-Coach Hamburg - Franziska Urbatschek","description":"Singlecoach und Beziehungstrainer","publisher":{"@id":"https:\/\/www.franziska-urbatschek.de\/home\/#\/schema\/person\/20ee9384ee5074fb4404cd750d05c4cb"},"potentialAction":[{"@type":"SearchAction","target":{"@type":"EntryPoint","urlTemplate":"https:\/\/www.franziska-urbatschek.de\/home\/?s={search_term_string}"},"query-input":{"@type":"PropertyValueSpecification","valueRequired":true,"valueName":"search_term_string"}}],"inLanguage":"de"},{"@type":["Person","Organization"],"@id":"https:\/\/www.franziska-urbatschek.de\/home\/#\/schema\/person\/20ee9384ee5074fb4404cd750d05c4cb","name":"Franziska Urbatschek","image":{"@type":"ImageObject","inLanguage":"de","@id":"https:\/\/www.franziska-urbatschek.de\/home\/#\/schema\/person\/image\/","url":"https:\/\/www.franziska-urbatschek.de\/wp-content\/uploads\/2021\/03\/Logo-500-\u00d7-100-px-4.png","contentUrl":"https:\/\/www.franziska-urbatschek.de\/wp-content\/uploads\/2021\/03\/Logo-500-\u00d7-100-px-4.png","width":500,"height":100,"caption":"Franziska Urbatschek"},"logo":{"@id":"https:\/\/www.franziska-urbatschek.de\/home\/#\/schema\/person\/image\/"},"sameAs":["http:\/\/franziskaurbatschek.de"]}]}},"_links":{"self":[{"href":"https:\/\/www.franziska-urbatschek.de\/home\/wp-json\/wp\/v2\/pages\/4210"}],"collection":[{"href":"https:\/\/www.franziska-urbatschek.de\/home\/wp-json\/wp\/v2\/pages"}],"about":[{"href":"https:\/\/www.franziska-urbatschek.de\/home\/wp-json\/wp\/v2\/types\/page"}],"author":[{"embeddable":true,"href":"https:\/\/www.franziska-urbatschek.de\/home\/wp-json\/wp\/v2\/users\/1"}],"replies":[{"embeddable":true,"href":"https:\/\/www.franziska-urbatschek.de\/home\/wp-json\/wp\/v2\/comments?post=4210"}],"version-history":[{"count":4,"href":"https:\/\/www.franziska-urbatschek.de\/home\/wp-json\/wp\/v2\/pages\/4210\/revisions"}],"predecessor-version":[{"id":7362,"href":"https:\/\/www.franziska-urbatschek.de\/home\/wp-json\/wp\/v2\/pages\/4210\/revisions\/7362"}],"wp:attachment":[{"href":"https:\/\/www.franziska-urbatschek.de\/home\/wp-json\/wp\/v2\/media?parent=4210"}],"curies":[{"name":"wp","href":"https:\/\/api.w.org\/{rel}","templated":true}]}}